se
Is 25125627809 a composite number?
False
Is 1511002579 a prime number?
True
Is 462963029 a prime number?
False
Is 491162717 composite?
False
Is 28438291751 a prime number?
False
Is 2203710167 composite?
False
Is 975953767 a composite number?
True
Is 156987591323 composite?
False
Is 1881843149 a composite number?
False
Is 10672669939 prime?
False
Is 598831367 composite?
False
Is 3536001971 composite?
True
Is 48895465171 composite?
True
Is 119402753231 a composite number?
True
Is 4319383699 composite?
True
Is 36425673257 prime?
False
Is 1361582099 prime?
True
Is 3385505527 a composite number?
False
Is 10286286089 composite?
False
Is 62760179 a composite number?
False
Is 5758109765 prime?
False
Is 492582851 a composite number?
True
Is 1752584221 a prime number?
False
Is 165168991171 a composite number?
False
Is 49810517371 composite?
False
Is 2338855271 prime?
True
Is 32733621227 a composite number?
True
Is 1353907238 composite?
True
Is 2225223419 composite?
False
Is 10774365913 composite?
True
Is 3592864673 prime?
True
Is 629521273 composite?
False
Is 12912428227 a composite number?
False
Is 67047086423 prime?
True
Is 8135194187 a composite number?
False
Is 127590431 a prime number?
False
Is 215258671 composite?
False
Is 35519972885 composite?
True
Is 228606269 a prime number?
False
Is 406038391 a composite number?
True
Is 676586881 prime?
False
Is 702830855 prime?
False
Is 79019123 a prime number?
True
Is 1025365223 a composite number?
False
Is 2083954739 prime?
False
Is 11563004741 prime?
False
Is 416352337 a composite number?
True
Is 1218511283 composite?
True
Is 4752563141 prime?
True
Is 5057359607 a prime number?
False
Is 19687036223 a prime number?
True
Is 3799150937 prime?
False
Is 2257814609 prime?
False
Is 14152545343 composite?
False
Is 13056197669 a prime number?
True
Is 3926257157 a prime number?
True
Is 1027686977 composite?
False
Is 65973503867 composite?
False
Is 26896497197 a prime number?
True
Is 763924789 prime?
True
Is 1747137793 a composite number?
True
Is 763645769 a composite number?
False
Is 8459823763 composite?
False
Is 110537723503 a prime number?
True
Is 2925124171 prime?
True
Is 944098429 composite?
True
Is 297965089 prime?
False
Is 405015772463 a prime number?
True
Is 1513695763 prime?
True
Is 26647997333 a composite number?
False
Is 10543980197 prime?
False
Is 333475199 composite?
True
Is 7420012907 prime?
False
Is 29533433 prime?
True
Is 1973772113 a prime number?
True
Is 3502360249 a prime number?
True
Is 1038424369 prime?
False
Is 14087400121 a prime number?
True
Is 1529733109 composite?
False
Is 575329789 a prime number?
True
Is 555530851 composite?
False
Is 28909885327 prime?
True
Is 256769713 a composite number?
True
Is 583908719 prime?
True
Is 12960262363 a composite number?
False
Is 136458641047 prime?
False
Is 1496565721 a composite number?
True
Is 10005470257 a prime number?
True
Is 45171675463 a composite number?
True
Is 269127281 a composite number?
True
Is 496797271 prime?
True
Is 396925849 prime?
False
Is 241063649 composite?
True
Is 5369989385 prime?
False
Is 1601807419 a prime number?
True
Is 3136429271 a prime number?
True
Is 1015354573 composite?
True
Is 198285973 a prime number?
True
Is 44265152531 a composite number?
True
Is 1605927641 a composite number?
False
Is 11176111799 a prime number?
True
Is 2661918031 a composite number?
True
Is 5135348429 composite?
True
Is 7622564149 composite?
True
Is 45434980889 prime?
False
Is 10899361289 composite?
False
Is 178729689781 composite?
True
Is 273950603 a prime number?
True
Is 9260103161 composite?
False
Is 4935777443 a composite number?
False
Is 1956463739 a composite number?
False
Is 10631942011 a composite number?
True
Is 1252422163 a prime number?
True
Is 23784243047 a composite number?
True
Is 2358547643 a composite number?
False
Is 1996783043 a prime number?
True
Is 2058980059 a composite number?
False
Is 72148531297 a composite number?
False
Is 162171817 a composite number?
True
Is 11940458917 a prime number?
True
Is 6588141739 a prime number?
False
Is 7634783703 a prime number?
False
Is 842676587 a composite number?
True
Is 5234649217 a composite number?
True
Is 35324279 composite?
False
Is 8881860629 prime?
True
Is 179928019 composite?
False
Is 899889281 a composite number?
True
Is 5235319003 composite?
True
Is 1943428279 a composite number?
True
Is 42433117 a composite number?
True
Is 36006247831 a prime number?
False
Is 6187830859 composite?
True
Is 21481399141 composite?
True
Is 45452755609 a prime number?
True
Is 8878848683 a prime number?
False
Is 18824648935 a composite number?
True
Is 7925121137 a composite number?
False
Is 260405833 a prime number?
True
Is 14724270553 a composite number?
False
Is 115236665873 prime?
False
Is 169827311 a prime number?
False
Is 570326171 a prime number?
True
Is 10787319019 a composite number?
False
Is 30232376401 prime?
True
Is 1797321041 a composite number?
False
Is 1625028113 a composite number?
True
Is 24755237779 a composite number?
False
Is 4587235321 a prime number?
False
Is 698663533 a composite number?
True
Is 25077134131 a composite number?
True
Is 2278125907 composite?
True
Is 28294738939 a composite number?
False
Is 76196313017 a prime number?
False
Is 15665133347 a prime number?
False
Is 89643357329 prime?
True
Is 384575363 composite?
False
Is 1370607443 prime?
False
Is 68120342786 composite?
True
Is 3315601657 a prime number?
True
Is 44535905527 prime?
False
Is 1322734411 a composite number?
False
Is 16262549249 prime?
True
Is 1365034449107 composite?
True
Is 27554100549 a composite number?
True
Is 26648795903 a composite number?
False
Is 800840995 prime?
False
Is 79559665847 prime?
False
Is 19106312777 composite?
False
Is 90556604531 prime?
True
Is 516651337 a prime number?
False
Is 2137273081 prime?
False
Is 740110799 composite?
False
Is 361274311 a prime number?
True
Is 6254678459 a prime number?
False
Is 14609652895 a prime number?
False
Is 16609098833 prime?
False
Is 75068328386 prime?
False
Is 2763387289 composite?
True
Is 412831229 a prime number?
True
Is 10840690045 a prime number?
False
Is 7918720409 prime?
True
Is 140683198683 a composite number?
True
Is 48624824467 composite?
True
Is 26859578623 a composite number?
True
Is 7768263059 composite?
False
Is 116248247 a composite number?
False
Is 241540757 a composite number?
False
Is 13443272111 a prime number?
False
Is 27500496581 composite?
False
Is 98371601 a composite number?
False
Is 7175334923 prime?
True
Is 5629952659 prime?
False
Is 121928201 composite?
True
Is 153503622689 prime?
False
Is 81802735393 composite?
True
Is 358867037 a composite number?
False
Is 12781913 prime?
False
Is 98308310071 a composite number?
True
Is 1622447551 a prime number?
True
Is 971130257 a prime number?
True
Is 50369383609 a composite number?
False
Is 2336374787 a composite number?
True
Is 37307298463 prime?
False
Is 82240384939 a composite number?
True
Is 1875353289 prime?
False
Is 238763285 prime?
False
Is 32646941387 a prime number?
False
Is 10095799159 composite?
False
Is 173935819 composite?
True
Is 912654619 composite?
False
Is 22455526631 a prime number?
True
Is 74241464051 prime?
False
Is 21665167879 a prime number?
True
Is 124519601411 a composite number?
True
Is 2375205887 a prime number?
True
Is 707448569 composite?
False
Is 5638438159 a prime number?
False
Is 50486177 prime?
False
Is 3374470157 composite?
False
Is 16552160011 prime?
False
Is 252420083 a prime number?
True
Is 414804906713 prime?
True
Is 15031969507 composite?
False
Is 115426487051 a composite number?
False
Is 6161241431 composite?
False
Is 7764152167 a composite number?
False
Is 374773619063 composite?
False
Is 8984498057 composite?
True
Is 338690347 a prime number?
False
Is 69446276657 a composite number?
True
Is 103349077467 a composite number?
True
Is 2671249583 composite?
True
Is 409543217 composite?
False
Is 9892072783 a prime number?
False
Is 4914503119 a composite number?
True
Is 1169020423 prime?
True
Is 31614662473 prime?
False
Is 34721841779 prime?
True
Is 5333525191 a prime number?
True
Is 61627973493 a prime number?
False
Is 141628387079 prime?
True
Is 27795462521 prime?
False
Is 106444489 a prime number?
True
Is 186139111 a composite number?
True
Is 6